{"id":2576,"date":"2019-02-06T21:59:16","date_gmt":"2019-02-06T20:59:16","guid":{"rendered":"https:\/\/spirrel.com\/picarbure\/?page_id=2576"},"modified":"2019-03-10T21:50:11","modified_gmt":"2019-03-10T20:50:11","slug":"qui-sommes-nous","status":"publish","type":"page","link":"https:\/\/spirrel.com\/picarbure\/qui-sommes-nous\/","title":{"rendered":"Qui sommes-nous ?"},"content":{"rendered":"<p>[et_pb_section fb_built=\u00a0\u00bb1&Prime; _builder_version=\u00a0\u00bb3.19.11&Prime; custom_padding=\u00a0\u00bb50px|0px|50px|0px|false|false\u00a0\u00bb][et_pb_row custom_padding=\u00a0\u00bb0|0px|0|0px|false|false\u00a0\u00bb _builder_version=\u00a0\u00bb3.19.11&Prime;][et_pb_column type=\u00a0\u00bb4_4&Prime; _builder_version=\u00a0\u00bb3.19.11&Prime;][et_pb_text _builder_version=\u00a0\u00bb3.19.13&Prime; text_font=\u00a0\u00bb||||||||\u00a0\u00bb header_font=\u00a0\u00bbLobster||||||||\u00a0\u00bb header_text_color=\u00a0\u00bb#ffffff\u00a0\u00bb background_color=\u00a0\u00bb#5b7bbc\u00a0\u00bb custom_padding=\u00a0\u00bb10px||3px|10px|false\u00a0\u00bb]<\/p>\n<h1>Qui sommes-nous ?<\/h1>\n<p>[\/et_pb_text][\/et_pb_column][\/et_pb_row][\/et_pb_section][et_pb_section fb_built=\u00a0\u00bb1&Prime; _builder_version=\u00a0\u00bb3.19.11&Prime; custom_padding=\u00a0\u00bb0|0px|20px|0px|false|false\u00a0\u00bb][et_pb_row use_custom_width=\u00a0\u00bbon\u00a0\u00bb width_unit=\u00a0\u00bboff\u00a0\u00bb custom_padding=\u00a0\u00bb2vh||2vh|4vh|false|false\u00a0\u00bb background_color_1=\u00a0\u00bb#D5DDEE\u00a0\u00bb background_color_2=\u00a0\u00bb#e6e7ed\u00a0\u00bb _builder_version=\u00a0\u00bb3.20.1&Prime;][et_pb_column type=\u00a0\u00bb2_3&Prime; _builder_version=\u00a0\u00bb3.19.11&Prime;][et_pb_text _builder_version=\u00a0\u00bb3.20.1&Prime; text_font=\u00a0\u00bbCatamaran||||||||\u00a0\u00bb text_text_color=\u00a0\u00bb#4C2514&Prime; text_font_size=\u00a0\u00bb17px\u00a0\u00bb header_font=\u00a0\u00bb||||||||\u00a0\u00bb header_text_color=\u00a0\u00bb#4c2514&Prime; background_color=\u00a0\u00bb#e6e7ed\u00a0\u00bb box_shadow_style=\u00a0\u00bbpreset4&Prime; box_shadow_horizontal=\u00a0\u00bb-31px\u00a0\u00bb box_shadow_vertical=\u00a0\u00bb-24px\u00a0\u00bb box_shadow_spread=\u00a0\u00bb-8px\u00a0\u00bb box_shadow_color=\u00a0\u00bbrgba(255,153,58,0.79)\u00a0\u00bb custom_padding=\u00a0\u00bb2vh|2vh|2vh|4vh|true\u00a0\u00bb]<\/p>\n<h2 style=\"text-align: justify;\">Bienvenue sur Picarbure Services<\/h2>\n<p align=\"justify\"><strong><\/strong><\/p>\n<p align=\"justify\"><strong>Picarbure Services<\/strong> distribue et fabrique des pi\u00e8ces d\u2019usure au carbure de tungst\u00e8ne depuis plus de 25 ans.<\/p>\n<p align=\"justify\">Grace \u00e0 notre exp\u00e9rience terrain nous d\u00e9veloppons les pi\u00e8ces adapt\u00e9es aux besoins des agriculteurs et entrepreneurs.<\/p>\n<p align=\"justify\">Les applications sont adapt\u00e9es aux mat\u00e9riels et aux terrains de nos clients, pour assurer une dur\u00e9e d\u2019utilisation optimale au meilleur co\u00fbt.<\/p>\n<p align=\"justify\">Notre connaissance des diverses techniques culturales allant du labour au semis direct nous a permis de fabriquer une gamme de pi\u00e8ces couvrant la plupart des outils.<\/p>\n<p align=\"justify\">L\u2019\u00e9quipe commerciale pr\u00e9sente sur le terrain, vous renseigne sur les \u00e9quipements n\u00e9cessaires en neuf ou en r\u00e9novation pour vous apporter un service sur mesure.<\/p>\n<p align=\"justify\">La qualit\u00e9 des mat\u00e9riaux utilis\u00e9s \u00e0 la fabrication des pi\u00e8ces n\u2019est plus \u00e0 d\u00e9montrer, les plaquettes carbure sont dans la plupart des cas accompagn\u00e9es d\u2019un rechargement prot\u00e9geant le support acier.<\/p>\n<p align=\"justify\">En prenant position en avant saison vous b\u00e9n\u00e9ficiez d\u2019une livraison au moment opportun \u00e0 des conditions int\u00e9ressantes.<\/p>\n<p align=\"justify\">La direction et l\u2019ensemble du personnel de la soci\u00e9t\u00e9 vous remercie de la confiance que vous lui t\u00e9moignez depuis tant d&rsquo;ann\u00e9es.<\/p>\n<p>[\/et_pb_text][\/et_pb_column][et_pb_column type=\u00a0\u00bb1_3&Prime; _builder_version=\u00a0\u00bb3.19.11&Prime;][et_pb_image src=\u00a0\u00bbhttps:\/\/spirrel.com\/picarbure\/wp-content\/uploads\/2019\/01\/qui-sommes-nous-vector-4.jpg\u00a0\u00bb _builder_version=\u00a0\u00bb3.19.13&Prime; box_shadow_style=\u00a0\u00bbpreset4&Prime; box_shadow_horizontal=\u00a0\u00bb20px\u00a0\u00bb box_shadow_vertical=\u00a0\u00bb-15px\u00a0\u00bb box_shadow_color=\u00a0\u00bb#A0C65D\u00a0\u00bb max_width=\u00a0\u00bb85%\u00a0\u00bb custom_margin=\u00a0\u00bb-1vh|||-3vh\u00a0\u00bb][\/et_pb_image][et_pb_image src=\u00a0\u00bbhttps:\/\/spirrel.com\/picarbure\/wp-content\/uploads\/2019\/02\/pi\u00e8ces-et-pr\u00e9s-100.jpg\u00a0\u00bb _builder_version=\u00a0\u00bb3.19.11&Prime; box_shadow_style=\u00a0\u00bbpreset4&Prime; box_shadow_horizontal=\u00a0\u00bb-20px\u00a0\u00bb box_shadow_vertical=\u00a0\u00bb21px\u00a0\u00bb box_shadow_color=\u00a0\u00bb#e87b6d\u00a0\u00bb max_width=\u00a0\u00bb70%\u00a0\u00bb custom_margin=\u00a0\u00bb2vh|||2vh\u00a0\u00bb][\/et_pb_image][\/et_pb_column][\/et_pb_row][\/et_pb_section][et_pb_section fb_built=\u00a0\u00bb1&Prime; _builder_version=\u00a0\u00bb3.19.11&Prime; custom_padding=\u00a0\u00bb0|0px|1px|0px|false|false\u00a0\u00bb][et_pb_row use_custom_width=\u00a0\u00bbon\u00a0\u00bb width_unit=\u00a0\u00bboff\u00a0\u00bb custom_padding=\u00a0\u00bb0||2vh|4vh|false|false\u00a0\u00bb background_color_1=\u00a0\u00bb#D5DDEE\u00a0\u00bb background_color_2=\u00a0\u00bb#e6e7ed\u00a0\u00bb _builder_version=\u00a0\u00bb3.19.13&Prime;][et_pb_column type=\u00a0\u00bb1_4&Prime; _builder_version=\u00a0\u00bb3.19.11&Prime;][et_pb_image src=\u00a0\u00bbhttps:\/\/spirrel.com\/picarbure\/wp-content\/uploads\/2019\/03\/tracteur-betterave.png\u00a0\u00bb _builder_version=\u00a0\u00bb3.20.1&Prime; box_shadow_style=\u00a0\u00bbpreset4&Prime; box_shadow_horizontal=\u00a0\u00bb16px\u00a0\u00bb box_shadow_vertical=\u00a0\u00bb15px\u00a0\u00bb box_shadow_color=\u00a0\u00bb#A0C65D\u00a0\u00bb custom_margin=\u00a0\u00bb3vh|0px||\u00a0\u00bb custom_margin_last_edited=\u00a0\u00bbon|desktop\u00a0\u00bb custom_padding=\u00a0\u00bb|0px||\u00a0\u00bb][\/et_pb_image][\/et_pb_column][et_pb_column type=\u00a0\u00bb3_4&Prime; _builder_version=\u00a0\u00bb3.19.11&Prime;][et_pb_text _builder_version=\u00a0\u00bb3.20.1&Prime; text_font=\u00a0\u00bbCatamaran||||||||\u00a0\u00bb text_text_color=\u00a0\u00bb#4C2514&Prime; text_font_size=\u00a0\u00bb17px\u00a0\u00bb header_font=\u00a0\u00bb||||||||\u00a0\u00bb header_text_color=\u00a0\u00bb#4c2514&Prime; background_color=\u00a0\u00bb#e6e7ed\u00a0\u00bb box_shadow_style=\u00a0\u00bbpreset4&Prime; box_shadow_horizontal=\u00a0\u00bb-31px\u00a0\u00bb box_shadow_vertical=\u00a0\u00bb-24px\u00a0\u00bb box_shadow_spread=\u00a0\u00bb-8px\u00a0\u00bb box_shadow_color=\u00a0\u00bb#E87B6D\u00a0\u00bb custom_padding=\u00a0\u00bb2vh|2vh|2vh|4vh|true\u00a0\u00bb custom_padding_tablet=\u00a0\u00bb2vh||\u00a0\u00bb custom_padding_last_edited=\u00a0\u00bbon|desktop\u00a0\u00bb]<\/p>\n<h2 style=\"text-align: justify;\">Le carbure de tungst\u00e8ne<\/h2>\n<p style=\"text-align: justify;\">\n<p style=\"text-align: justify;\">La d\u00e9couverte du carbure de tungst\u00e8ne utilis\u00e9 sur les pi\u00e8ces d&rsquo;usure de mat\u00e9riel agricole\u00a0 a \u00e9t\u00e9 une v\u00e9ritable petite r\u00e9volution.<\/p>\n<p style=\"text-align: justify;\">D&rsquo;abord tr\u00e8s r\u00e9fract\u00e8re, l&rsquo;ensemble des constructeurs de machine ont d\u00fb composer avec ce proc\u00e9d\u00e9.<\/p>\n<p style=\"text-align: justify;\">Leur terrain de pr\u00e9dilection sont les sables, les gravelles,les limons \u00e0 silex, etc&#8230;<\/p>\n<p style=\"text-align: justify;\">En 2011, nous pouvons dire que l&rsquo;ensemble des acteurs agricoles (agriculteurs, entrepreneurs) y trouvent une rentabilit\u00e9 incontestable.<\/p>\n<p style=\"text-align: justify;\">Le d\u00e9veloppement a d\u00e9but\u00e9 dans les ann\u00e9es 1990 avec les socs de d\u00e9chaumeurs standart de la gamme et encore existant aujourd&rsquo;hui.<\/p>\n<p style=\"text-align: justify;\">Nous disposons de r\u00e9f\u00e9rences r\u00e9pondant aux mat\u00e9riels pr\u00e9sents sur le march\u00e9.<\/p>\n<p style=\"text-align: justify;\">Une pointe dont la dur\u00e9e de vie peut \u00eatre multipli\u00e9e de 3 \u00e0 10 fois<\/p>\n<p>[\/et_pb_text][\/et_pb_column][\/et_pb_row][\/et_pb_section][et_pb_section fb_built=\u00a0\u00bb1&Prime; _builder_version=\u00a0\u00bb3.19.11&Prime; custom_padding=\u00a0\u00bb0|0px|76.1167px|0px|false|false\u00a0\u00bb][et_pb_row use_custom_width=\u00a0\u00bbon\u00a0\u00bb width_unit=\u00a0\u00bboff\u00a0\u00bb custom_padding=\u00a0\u00bb2vh||2vh|4vh|false|false\u00a0\u00bb background_color_1=\u00a0\u00bb#D5DDEE\u00a0\u00bb background_color_2=\u00a0\u00bb#e6e7ed\u00a0\u00bb _builder_version=\u00a0\u00bb3.19.13&Prime;][et_pb_column type=\u00a0\u00bb2_3&Prime; _builder_version=\u00a0\u00bb3.19.11&Prime;][et_pb_text _builder_version=\u00a0\u00bb3.20.1&Prime; text_font=\u00a0\u00bbCatamaran||||||||\u00a0\u00bb text_text_color=\u00a0\u00bb#4C2514&Prime; text_font_size=\u00a0\u00bb17px\u00a0\u00bb header_font=\u00a0\u00bb||||||||\u00a0\u00bb header_text_color=\u00a0\u00bb#4c2514&Prime; background_color=\u00a0\u00bb#e6e7ed\u00a0\u00bb box_shadow_style=\u00a0\u00bbpreset4&Prime; box_shadow_horizontal=\u00a0\u00bb-31px\u00a0\u00bb box_shadow_vertical=\u00a0\u00bb-24px\u00a0\u00bb box_shadow_spread=\u00a0\u00bb-8px\u00a0\u00bb box_shadow_color=\u00a0\u00bb#a0c65d\u00a0\u00bb custom_padding=\u00a0\u00bb2vh|2vh|2vh|4vh|true\u00a0\u00bb]<\/p>\n<h2 style=\"text-align: justify;\">R\u00eave ou R\u00e9alit\u00e9 ?<\/h2>\n<p style=\"text-align: justify;\">\n<p style=\"text-align: justify;\">L&rsquo;utilisation de plaquette carbure sur l&rsquo;attaque am\u00e9liore consid\u00e9rablement les performances des pointes de charrue. En gardant un angle constant, la p\u00e9n\u00e9tration dans le sol est r\u00e9guli\u00e8re, et les temps de maintenance sont\u00a0consid\u00e9rablement r\u00e9duit. C&rsquo;est pour quoi\u00a0un agriculteur est capable de travailler toute une saison sans intervenir sur la machine.<\/p>\n<p style=\"text-align: justify;\">La partie carbure de la pi\u00e8ce n&rsquo;est jamais mise en d\u00e9faut, par contre le support est compos\u00e9 d&rsquo;acier. De quelque qualit\u00e9 soit le m\u00e9tal, il ne sera jamais aussi dur que la plaquette et l&rsquo;usure sera report\u00e9e sur celui-ci.<\/p>\n<p style=\"text-align: justify;\">Nous avons donc r\u00e9solu ce ph\u00e9nom\u00e8ne en rechargeant la partie m\u00e9tallique avec des carbures de chrome pour accompagner l&rsquo;usure r\u00e9guli\u00e8re de l&rsquo;ensemble.<\/p>\n<p style=\"text-align: justify;\">Nous sommes\u00a0dans la mesure de r\u00e9pondre \u00e0 tout type de probl\u00e8mes d&rsquo;usure sur les pi\u00e8ces agricoles, m\u00eame les plus sp\u00e9cifiques.<\/p>\n<p>L&rsquo;\u00e9quipe commerciale, pr\u00e9sente sur le terrain, est \u00e0 votre disposition et \u00e0 votre \u00e9coute.<\/p>\n<p>[\/et_pb_text][\/et_pb_column][et_pb_column type=\u00a0\u00bb1_3&Prime; _builder_version=\u00a0\u00bb3.19.11&Prime;][et_pb_image src=\u00a0\u00bbhttps:\/\/spirrel.com\/picarbure\/wp-content\/uploads\/2019\/03\/dechaumage.png\u00a0\u00bb _builder_version=\u00a0\u00bb3.20.1&Prime; box_shadow_style=\u00a0\u00bbpreset4&Prime; box_shadow_horizontal=\u00a0\u00bb19px\u00a0\u00bb box_shadow_vertical=\u00a0\u00bb14px\u00a0\u00bb box_shadow_color=\u00a0\u00bb#FFAF64&Prime;][\/et_pb_image][\/et_pb_column][\/et_pb_row][\/et_pb_section]<\/p>\n","protected":false},"excerpt":{"rendered":"<p>[et_pb_section fb_built=\u00a0\u00bb1&Prime; _builder_version=\u00a0\u00bb3.19.11&Prime; custom_padding=\u00a0\u00bb50px|0px|50px|0px|false|false\u00a0\u00bb][et_pb_row custom_padding=\u00a0\u00bb0|0px|0|0px|false|false\u00a0\u00bb _builder_version=\u00a0\u00bb3.19.11&Prime;][et_pb_column type=\u00a0\u00bb4_4&Prime; _builder_version=\u00a0\u00bb3.19.11&Prime;][et_pb_text _builder_version=\u00a0\u00bb3.19.13&Prime; text_font=\u00a0\u00bb||||||||\u00a0\u00bb header_font=\u00a0\u00bbLobster||||||||\u00a0\u00bb header_text_color=\u00a0\u00bb#ffffff\u00a0\u00bb background_color=\u00a0\u00bb#5b7bbc\u00a0\u00bb custom_padding=\u00a0\u00bb10px||3px|10px|false\u00a0\u00bb] Qui sommes-nous ? [\/et_pb_text][\/et_pb_column][\/et_pb_row][\/et_pb_section][et_pb_section fb_built=\u00a0\u00bb1&Prime; _builder_version=\u00a0\u00bb3.19.11&Prime; custom_padding=\u00a0\u00bb0|0px|20px|0px|false|false\u00a0\u00bb][et_pb_row use_custom_width=\u00a0\u00bbon\u00a0\u00bb width_unit=\u00a0\u00bboff\u00a0\u00bb custom_padding=\u00a0\u00bb2vh||2vh|4vh|false|false\u00a0\u00bb background_color_1=\u00a0\u00bb#D5DDEE\u00a0\u00bb background_color_2=\u00a0\u00bb#e6e7ed\u00a0\u00bb _builder_version=\u00a0\u00bb3.20.1&Prime;][et_pb_column type=\u00a0\u00bb2_3&Prime; _builder_version=\u00a0\u00bb3.19.11&Prime;][et_pb_text _builder_version=\u00a0\u00bb3.20.1&Prime; text_font=\u00a0\u00bbCatamaran||||||||\u00a0\u00bb text_text_color=\u00a0\u00bb#4C2514&Prime; text_font_size=\u00a0\u00bb17px\u00a0\u00bb header_font=\u00a0\u00bb||||||||\u00a0\u00bb header_text_color=\u00a0\u00bb#4c2514&Prime; background_color=\u00a0\u00bb#e6e7ed\u00a0\u00bb box_shadow_style=\u00a0\u00bbpreset4&Prime; box_shadow_horizontal=\u00a0\u00bb-31px\u00a0\u00bb box_shadow_vertical=\u00a0\u00bb-24px\u00a0\u00bb box_shadow_spread=\u00a0\u00bb-8px\u00a0\u00bb box_shadow_color=\u00a0\u00bbrgba(255,153,58,0.79)\u00a0\u00bb custom_padding=\u00a0\u00bb2vh|2vh|2vh|4vh|true\u00a0\u00bb] Bienvenue sur Picarbure Services Picarbure Services distribue et fabrique des pi\u00e8ces d\u2019usure au [&hellip;]<\/p>\n","protected":false},"author":1,"featured_media":0,"parent":0,"menu_order":0,"comment_status":"closed","ping_status":"closed","template":"","meta":{"_et_pb_use_builder":"on","_et_pb_old_content":"","_et_gb_content_width":""},"_links":{"self":[{"href":"https:\/\/spirrel.com\/picarbure\/wp-json\/wp\/v2\/pages\/2576"}],"collection":[{"href":"https:\/\/spirrel.com\/picarbure\/wp-json\/wp\/v2\/pages"}],"about":[{"href":"https:\/\/spirrel.com\/picarbure\/wp-json\/wp\/v2\/types\/page"}],"author":[{"embeddable":true,"href":"https:\/\/spirrel.com\/picarbure\/wp-json\/wp\/v2\/users\/1"}],"replies":[{"embeddable":true,"href":"https:\/\/spirrel.com\/picarbure\/wp-json\/wp\/v2\/comments?post=2576"}],"version-history":[{"count":74,"href":"https:\/\/spirrel.com\/picarbure\/wp-json\/wp\/v2\/pages\/2576\/revisions"}],"predecessor-version":[{"id":5321,"href":"https:\/\/spirrel.com\/picarbure\/wp-json\/wp\/v2\/pages\/2576\/revisions\/5321"}],"wp:attachment":[{"href":"https:\/\/spirrel.com\/picarbure\/wp-json\/wp\/v2\/media?parent=2576"}],"curies":[{"name":"wp","href":"https:\/\/api.w.org\/{rel}","templated":true}]}}