{"id":171,"date":"2018-12-14T18:30:51","date_gmt":"2018-12-14T17:30:51","guid":{"rendered":"https:\/\/spirrel.com\/picarbure\/?post_type=product&#038;p=171"},"modified":"2019-03-23T16:37:41","modified_gmt":"2019-03-23T15:37:41","slug":"deflecteur-large","status":"publish","type":"product","link":"https:\/\/spirrel.com\/picarbure\/produit\/deflecteur-large\/","title":{"rendered":"D\u00e9flecteur large"},"content":{"rendered":"<p><b>R\u00e9f\u00e9rence :<\/b> Pic Def100<\/p>\n<p><b>D\u00e9signation :<\/b> D\u00e9flecteur large<\/p>\n<p><b>Marque :<\/b> Toutes marques<\/p>\n<p>D\u00e9flecteur large 100<\/p>\n","protected":false},"excerpt":{"rendered":"<p>Pic Def100<\/p>\n","protected":false},"featured_media":4217,"comment_status":"closed","ping_status":"closed","template":"","meta":{"_et_pb_use_builder":"","_et_pb_old_content":"","_et_gb_content_width":""},"product_cat":[18,40,57],"product_tag":[],"_links":{"self":[{"href":"https:\/\/spirrel.com\/picarbure\/wp-json\/wp\/v2\/product\/171"}],"collection":[{"href":"https:\/\/spirrel.com\/picarbure\/wp-json\/wp\/v2\/product"}],"about":[{"href":"https:\/\/spirrel.com\/picarbure\/wp-json\/wp\/v2\/types\/product"}],"replies":[{"embeddable":true,"href":"https:\/\/spirrel.com\/picarbure\/wp-json\/wp\/v2\/comments?post=171"}],"wp:featuredmedia":[{"embeddable":true,"href":"https:\/\/spirrel.com\/picarbure\/wp-json\/wp\/v2\/media\/4217"}],"wp:attachment":[{"href":"https:\/\/spirrel.com\/picarbure\/wp-json\/wp\/v2\/media?parent=171"}],"wp:term":[{"taxonomy":"product_cat","embeddable":true,"href":"https:\/\/spirrel.com\/picarbure\/wp-json\/wp\/v2\/product_cat?post=171"},{"taxonomy":"product_tag","embeddable":true,"href":"https:\/\/spirrel.com\/picarbure\/wp-json\/wp\/v2\/product_tag?post=171"}],"curies":[{"name":"wp","href":"https:\/\/api.w.org\/{rel}","templated":true}]}}