{"id":236,"date":"2018-12-15T14:47:21","date_gmt":"2018-12-15T13:47:21","guid":{"rendered":"https:\/\/spirrel.com\/picarbure\/?post_type=product&#038;p=236"},"modified":"2019-03-23T16:07:11","modified_gmt":"2019-03-23T15:07:11","slug":"pointe-carbure-type-thieme","status":"publish","type":"product","link":"https:\/\/spirrel.com\/picarbure\/produit\/pointe-carbure-type-thieme\/","title":{"rendered":"Pointe carbure type Thi\u00e9m\u00e9"},"content":{"rendered":"<p><b>R\u00e9f\u00e9rence :<\/b> Pic PTHIEME<\/p>\n<p><b>D\u00e9signation :<\/b> Pointe carbure type Thi\u00e9m\u00e9<\/p>\n<p><b>Marque :<\/b> Thi\u00e9m\u00e9<\/p>\n<p><strong>R\u00e9f\u00e9rence d&rsquo;origine :<\/strong> PKO01101\/02 = 173463<\/p>\n","protected":false},"excerpt":{"rendered":"<p>Pic PTHIEME<\/p>\n","protected":false},"featured_media":4296,"comment_status":"closed","ping_status":"closed","template":"","meta":{"_et_pb_use_builder":"","_et_pb_old_content":"","_et_gb_content_width":""},"product_cat":[19,41,77],"product_tag":[],"_links":{"self":[{"href":"https:\/\/spirrel.com\/picarbure\/wp-json\/wp\/v2\/product\/236"}],"collection":[{"href":"https:\/\/spirrel.com\/picarbure\/wp-json\/wp\/v2\/product"}],"about":[{"href":"https:\/\/spirrel.com\/picarbure\/wp-json\/wp\/v2\/types\/product"}],"replies":[{"embeddable":true,"href":"https:\/\/spirrel.com\/picarbure\/wp-json\/wp\/v2\/comments?post=236"}],"wp:featuredmedia":[{"embeddable":true,"href":"https:\/\/spirrel.com\/picarbure\/wp-json\/wp\/v2\/media\/4296"}],"wp:attachment":[{"href":"https:\/\/spirrel.com\/picarbure\/wp-json\/wp\/v2\/media?parent=236"}],"wp:term":[{"taxonomy":"product_cat","embeddable":true,"href":"https:\/\/spirrel.com\/picarbure\/wp-json\/wp\/v2\/product_cat?post=236"},{"taxonomy":"product_tag","embeddable":true,"href":"https:\/\/spirrel.com\/picarbure\/wp-json\/wp\/v2\/product_tag?post=236"}],"curies":[{"name":"wp","href":"https:\/\/api.w.org\/{rel}","templated":true}]}}