{"id":290,"date":"2018-12-16T18:55:19","date_gmt":"2018-12-16T17:55:19","guid":{"rendered":"https:\/\/spirrel.com\/picarbure\/?post_type=product&#038;p=290"},"modified":"2019-03-23T15:50:38","modified_gmt":"2019-03-23T14:50:38","slug":"soc-a-carrelet-16-pouces-type-gregoire-et-besson","status":"publish","type":"product","link":"https:\/\/spirrel.com\/picarbure\/produit\/soc-a-carrelet-16-pouces-type-gregoire-et-besson\/","title":{"rendered":"Soc \u00e0 carrelet 16 pouces type Gr\u00e9goire et Besson"},"content":{"rendered":"<p><b>R\u00e9f\u00e9rence :<\/b> Pic SoccaGB16&prime;<\/p>\n<p><b>D\u00e9signation :<\/b> Soc \u00e0 carrelet 16&prime; type Gr\u00e9goire et Besson<\/p>\n<p><b>Marque :<\/b> Gr\u00e9goire et Besson<\/p>\n<p><strong>R\u00e9f\u00e9rence d&rsquo;origine :<\/strong> 172601\/602, 172613\/614<\/p>\n","protected":false},"excerpt":{"rendered":"<p>Pic SoccaGB16&prime;<\/p>\n","protected":false},"featured_media":4272,"comment_status":"closed","ping_status":"closed","template":"","meta":{"_et_pb_use_builder":"","_et_pb_old_content":"","_et_gb_content_width":""},"product_cat":[71,19,42],"product_tag":[],"_links":{"self":[{"href":"https:\/\/spirrel.com\/picarbure\/wp-json\/wp\/v2\/product\/290"}],"collection":[{"href":"https:\/\/spirrel.com\/picarbure\/wp-json\/wp\/v2\/product"}],"about":[{"href":"https:\/\/spirrel.com\/picarbure\/wp-json\/wp\/v2\/types\/product"}],"replies":[{"embeddable":true,"href":"https:\/\/spirrel.com\/picarbure\/wp-json\/wp\/v2\/comments?post=290"}],"wp:featuredmedia":[{"embeddable":true,"href":"https:\/\/spirrel.com\/picarbure\/wp-json\/wp\/v2\/media\/4272"}],"wp:attachment":[{"href":"https:\/\/spirrel.com\/picarbure\/wp-json\/wp\/v2\/media?parent=290"}],"wp:term":[{"taxonomy":"product_cat","embeddable":true,"href":"https:\/\/spirrel.com\/picarbure\/wp-json\/wp\/v2\/product_cat?post=290"},{"taxonomy":"product_tag","embeddable":true,"href":"https:\/\/spirrel.com\/picarbure\/wp-json\/wp\/v2\/product_tag?post=290"}],"curies":[{"name":"wp","href":"https:\/\/api.w.org\/{rel}","templated":true}]}}