{"id":574,"date":"2018-12-19T18:59:07","date_gmt":"2018-12-19T17:59:07","guid":{"rendered":"https:\/\/spirrel.com\/picarbure\/?post_type=product&#038;p=574"},"modified":"2019-03-23T14:52:33","modified_gmt":"2019-03-23T13:52:33","slug":"soc-darracheuse-a-betterave-type-ropa","status":"publish","type":"product","link":"https:\/\/spirrel.com\/picarbure\/produit\/soc-darracheuse-a-betterave-type-ropa\/","title":{"rendered":"Soc d&rsquo;arracheuse \u00e0 betterave type Ropa"},"content":{"rendered":"<p><b>R\u00e9f\u00e9rence :<\/b> Pic SBETROPA<\/p>\n<p><b>D\u00e9signation :<\/b> Soc d&rsquo;arracheuse \u00e0 betterave type Ropa<\/p>\n<p><b>Marque :<\/b> Ropa<\/p>\n<p><strong>R\u00e9f\u00e9rences d&rsquo;origine :<\/strong> 016718\/19<\/p>\n","protected":false},"excerpt":{"rendered":"<p>Pic SBETROPA<\/p>\n","protected":false},"featured_media":4169,"comment_status":"closed","ping_status":"closed","template":"","meta":{"_et_pb_use_builder":"","_et_pb_old_content":"","_et_gb_content_width":""},"product_cat":[22,90,47],"product_tag":[],"_links":{"self":[{"href":"https:\/\/spirrel.com\/picarbure\/wp-json\/wp\/v2\/product\/574"}],"collection":[{"href":"https:\/\/spirrel.com\/picarbure\/wp-json\/wp\/v2\/product"}],"about":[{"href":"https:\/\/spirrel.com\/picarbure\/wp-json\/wp\/v2\/types\/product"}],"replies":[{"embeddable":true,"href":"https:\/\/spirrel.com\/picarbure\/wp-json\/wp\/v2\/comments?post=574"}],"wp:featuredmedia":[{"embeddable":true,"href":"https:\/\/spirrel.com\/picarbure\/wp-json\/wp\/v2\/media\/4169"}],"wp:attachment":[{"href":"https:\/\/spirrel.com\/picarbure\/wp-json\/wp\/v2\/media?parent=574"}],"wp:term":[{"taxonomy":"product_cat","embeddable":true,"href":"https:\/\/spirrel.com\/picarbure\/wp-json\/wp\/v2\/product_cat?post=574"},{"taxonomy":"product_tag","embeddable":true,"href":"https:\/\/spirrel.com\/picarbure\/wp-json\/wp\/v2\/product_tag?post=574"}],"curies":[{"name":"wp","href":"https:\/\/api.w.org\/{rel}","templated":true}]}}