{"id":576,"date":"2018-12-19T19:04:22","date_gmt":"2018-12-19T18:04:22","guid":{"rendered":"https:\/\/spirrel.com\/picarbure\/?post_type=product&#038;p=576"},"modified":"2019-03-23T14:52:17","modified_gmt":"2019-03-23T13:52:17","slug":"soc-darracheuse-a-betterave-type-vervaet","status":"publish","type":"product","link":"https:\/\/spirrel.com\/picarbure\/produit\/soc-darracheuse-a-betterave-type-vervaet\/","title":{"rendered":"Soc d&rsquo;arracheuse \u00e0 betterave type Vervaet"},"content":{"rendered":"<p><b>R\u00e9f\u00e9rence :<\/b> Pic SBETVERVAET<\/p>\n<p><b>D\u00e9signation :<\/b> Soc d&rsquo;arracheuse \u00e0 betterave type Vervaet<\/p>\n<p><b>Marque :<\/b> Vervaet<\/p>\n","protected":false},"excerpt":{"rendered":"<p>Pic SBETVERVAET<\/p>\n","protected":false},"featured_media":4168,"comment_status":"closed","ping_status":"closed","template":"","meta":{"_et_pb_use_builder":"","_et_pb_old_content":"","_et_gb_content_width":""},"product_cat":[22,47,91],"product_tag":[],"_links":{"self":[{"href":"https:\/\/spirrel.com\/picarbure\/wp-json\/wp\/v2\/product\/576"}],"collection":[{"href":"https:\/\/spirrel.com\/picarbure\/wp-json\/wp\/v2\/product"}],"about":[{"href":"https:\/\/spirrel.com\/picarbure\/wp-json\/wp\/v2\/types\/product"}],"replies":[{"embeddable":true,"href":"https:\/\/spirrel.com\/picarbure\/wp-json\/wp\/v2\/comments?post=576"}],"wp:featuredmedia":[{"embeddable":true,"href":"https:\/\/spirrel.com\/picarbure\/wp-json\/wp\/v2\/media\/4168"}],"wp:attachment":[{"href":"https:\/\/spirrel.com\/picarbure\/wp-json\/wp\/v2\/media?parent=576"}],"wp:term":[{"taxonomy":"product_cat","embeddable":true,"href":"https:\/\/spirrel.com\/picarbure\/wp-json\/wp\/v2\/product_cat?post=576"},{"taxonomy":"product_tag","embeddable":true,"href":"https:\/\/spirrel.com\/picarbure\/wp-json\/wp\/v2\/product_tag?post=576"}],"curies":[{"name":"wp","href":"https:\/\/api.w.org\/{rel}","templated":true}]}}