{"id":584,"date":"2018-12-19T19:30:59","date_gmt":"2018-12-19T18:30:59","guid":{"rendered":"https:\/\/spirrel.com\/picarbure\/?post_type=product&#038;p=584"},"modified":"2019-03-23T14:50:47","modified_gmt":"2019-03-23T13:50:47","slug":"bec-a-souder-04-300x70x20","status":"publish","type":"product","link":"https:\/\/spirrel.com\/picarbure\/produit\/bec-a-souder-04-300x70x20\/","title":{"rendered":"Bec \u00e0 souder 04 300x70x20"},"content":{"rendered":"<p><b>R\u00e9f\u00e9rence :<\/b> Pic Bas04<\/p>\n<p><b>D\u00e9signation :<\/b> Bec \u00e0 souder 04<\/p>\n<p><b>Marque :<\/b> Toutes marques<\/p>\n<p>Bec \u00e0 souder 04 300*70*20<\/p>\n","protected":false},"excerpt":{"rendered":"<p>Pic Bas04<\/p>\n","protected":false},"featured_media":4207,"comment_status":"closed","ping_status":"closed","template":"","meta":{"_et_pb_use_builder":"","_et_pb_old_content":"","_et_gb_content_width":""},"product_cat":[48,23,57],"product_tag":[],"_links":{"self":[{"href":"https:\/\/spirrel.com\/picarbure\/wp-json\/wp\/v2\/product\/584"}],"collection":[{"href":"https:\/\/spirrel.com\/picarbure\/wp-json\/wp\/v2\/product"}],"about":[{"href":"https:\/\/spirrel.com\/picarbure\/wp-json\/wp\/v2\/types\/product"}],"replies":[{"embeddable":true,"href":"https:\/\/spirrel.com\/picarbure\/wp-json\/wp\/v2\/comments?post=584"}],"wp:featuredmedia":[{"embeddable":true,"href":"https:\/\/spirrel.com\/picarbure\/wp-json\/wp\/v2\/media\/4207"}],"wp:attachment":[{"href":"https:\/\/spirrel.com\/picarbure\/wp-json\/wp\/v2\/media?parent=584"}],"wp:term":[{"taxonomy":"product_cat","embeddable":true,"href":"https:\/\/spirrel.com\/picarbure\/wp-json\/wp\/v2\/product_cat?post=584"},{"taxonomy":"product_tag","embeddable":true,"href":"https:\/\/spirrel.com\/picarbure\/wp-json\/wp\/v2\/product_tag?post=584"}],"curies":[{"name":"wp","href":"https:\/\/api.w.org\/{rel}","templated":true}]}}