{"id":654,"date":"2018-12-20T14:19:41","date_gmt":"2018-12-20T13:19:41","guid":{"rendered":"https:\/\/spirrel.com\/picarbure\/?post_type=product&#038;p=654"},"modified":"2018-12-20T14:21:57","modified_gmt":"2018-12-20T13:21:57","slug":"rechargement-ailerons-monobloc-de-dechaumeur","status":"publish","type":"product","link":"https:\/\/spirrel.com\/picarbure\/produit\/rechargement-ailerons-monobloc-de-dechaumeur\/","title":{"rendered":"Rechargement ailerons monobloc de d\u00e9chaumeur"},"content":{"rendered":"<p>Rechargement d&rsquo;ailerons monobloc de d\u00e9chaumeur : dessous ou dessous \u00e0 pr\u00e9ciser.<\/p>\n","protected":false},"excerpt":{"rendered":"<p>Rechargement d&rsquo;ailerons monobloc de d\u00e9chaumeur : dessous ou dessous \u00e0 pr\u00e9ciser.<\/p>\n","protected":false},"featured_media":0,"comment_status":"closed","ping_status":"closed","template":"","meta":{"_et_pb_use_builder":"","_et_pb_old_content":"","_et_gb_content_width":""},"product_cat":[37,18,24,57],"product_tag":[],"_links":{"self":[{"href":"https:\/\/spirrel.com\/picarbure\/wp-json\/wp\/v2\/product\/654"}],"collection":[{"href":"https:\/\/spirrel.com\/picarbure\/wp-json\/wp\/v2\/product"}],"about":[{"href":"https:\/\/spirrel.com\/picarbure\/wp-json\/wp\/v2\/types\/product"}],"replies":[{"embeddable":true,"href":"https:\/\/spirrel.com\/picarbure\/wp-json\/wp\/v2\/comments?post=654"}],"wp:attachment":[{"href":"https:\/\/spirrel.com\/picarbure\/wp-json\/wp\/v2\/media?parent=654"}],"wp:term":[{"taxonomy":"product_cat","embeddable":true,"href":"https:\/\/spirrel.com\/picarbure\/wp-json\/wp\/v2\/product_cat?post=654"},{"taxonomy":"product_tag","embeddable":true,"href":"https:\/\/spirrel.com\/picarbure\/wp-json\/wp\/v2\/product_tag?post=654"}],"curies":[{"name":"wp","href":"https:\/\/api.w.org\/{rel}","templated":true}]}}